f y(-3)?
8
Suppose -65*f + 66*f - 3 = 0, -2*i + 23847 = 3*f. What is the units digit of i?
9
Suppose 4*h - 47038 = -7*r, -49*h + 35270 = -46*h + r. What is the ten thousands digit of h?
1
Let s(l) be the second derivative of -l**4/12 + 4*l**3/3 - 3*l**2/2 + 35*l. Let m be s(-13). Let v = m + 467. What is the units digit of v?
1
Suppose -3*q = -q - 594. Let f = q + 399. What is the units digit of f?
6
Let a(d) = -d**3 - 9*d**2 + d + 8. Let u = 38 + -31. Suppose -10 = u*w + 60. What is the units digit of a(w)?
8
Let c(p) = -p**2 - 43*p - 54. Let u be c(-42). What is the tens digit of (-17188)/u - (3 + (-16)/6)?
3
Suppose 1272 - 3464 = 4*m. Let v = 463 - m. What is the units digit of v?
1
Suppose -19104 = -28*x + 16*x. Let f = 2232 - x. What is the tens digit of f?
4
Let q = -144 + 143. What is the tens digit of 25/((2/18)/(q/(-3)))?
7
Let u(h) = -h**3 + h. Let v be u(0). Let a = 234 - 224. What is the units digit of v + (-4)/a + (-352)/(-5)?
0
Let w(a) = -14*a + 66*a**3 - 18 - 2 - 65*a**3 + 12*a**2. Let l be w(-13). What is the tens digit of -2 - (8/14 + 158/l)?
2
What is the units digit of 4/(-68) + 7509781/527?
0
Let p(z) = z**3 - z + 44. Let a be p(0). Let b = 51 - a. Suppose -b*j = -8*j + 56. What is the units digit of j?
6
Suppose -5*n + 5 + 10 = 0. Suppose 4*v = -5*t + 739 + 396, t - 216 = -n*v. What is the tens digit of t?
3
Let c be (4 + 11)*(1 + (-2)/5). Suppose -3*s = -c*s + 3696. Suppose 0 = 11*x - 3*x - s. What is the units digit of x?
7
Let g(z) = 2*z**2 - 99*z - 7724. What is the units digit of g(-153)?
1
Let l = 48 - 44. What is the tens digit of ((-10152)/81)/(l/(-30))?
4
What is the ten thousands digit of 13255 + 12 + 3 + -8 + (-12)/(-6)?
1
Let k be -2*(-4 + 28/8) + 1. Suppose -1955 = -11*t + 8*t + 4*d, 0 = k*t + 2*d - 1294. What is the tens digit of t?
4
Suppose 7*w - 3*w - 12 = 0. Let f(p) = -5 + p**3 - 9*p**w + 6*p**3 + 11*p**2 + 3*p**3 + 5*p. What is the tens digit of f(-10)?
4
Suppose 16 = 4*q + 3*r - 2, -22 = -5*q - 4*r. What is the tens digit of 59*(q + 4/((-20)/(-15)))?
3
Suppose 677*y - 167 = 676*y. Let t = 524 - y. What is the tens digit of t?
5
Let a = -13 + 17. Let r(v) = -6*v + a + 2*v + 6 - v + v**2. What is the units digit of r(-12)?
4
Let q be 3/1 + (-33)/(-3). Let z be (141/188)/((-6)/32). Let r = z + q. What is the units digit of r?
0
Suppose -77*w + 40 = -79*w. What is the tens digit of (12/(-9))/(w/15810)?
5
Suppose -3*c + 4081 = 5*p, 1185 = p - 4*c + 378. Let k = p - 417. What is the hundreds digit of k?
3
Let d(i) = 7*i**2 - 8*i. Let v(o) = -7*o**2 + 8*o + 1. Let g(f) = 5*d(f) + 4*v(f). Let m be g(-6). Let y = m - 77. What is the tens digit of y?
2
Suppose -7*x + 21624 = -6068. What is the units digit of x?
6
Suppose -2772 = 22*d - 16060. What is the tens digit of (6/(-4) - -1)/((-2)/d)?
5
Suppose 0 = -8*h + 388 - 44. Let f = -29 + h. Let t = 30 - f. What is the units digit of t?
6
Suppose -20*o - 179572 = -1100172. What is the hundreds digit of o?
0
Let o(s) = -s + 4. Let d be (-1)/(-1) + (8/4 - 1). Let n be o(d). Suppose 2*a - 142 = -n*x - 2*a, 3*a = 2*x - 170. What is the tens digit of x?
7
Suppose -16392 - 6664 = -4*p. What is the units digit of p?
4
Let m(d) = 112*d**2 - 8. Let v be m(-2). Let s = v + -203. What is the hundreds digit of s?
2
Suppose 0*n = -2*v + 3*n + 104, -173 = -3*v - 4*n. Let r be (-3)/(-3)*(2 + (v - 3)). Suppose r = u - 45. What is the units digit of u?
9
Let c(u) = -u**3 - 3*u**2 - 27*u + 66010. What is the hundreds digit of c(0)?
0
Let f(r) = -8*r**2 - 10 - r**3 + 0*r + 5*r + 0*r**2. Suppose -3*t = 6, -p = -5*t - 4 + 3. What is the units digit of f(p)?
6
Let f(c) = -26*c + 16. Suppose -5*l = x + 79, -5*l + 395 = -5*x - 4*l. Let z = x + 70. What is the tens digit of f(z)?
5
What is the hundreds digit of (-12 - 1624/(-70))*(1 + (-1689)/(-6))?
1
Suppose 26*w - 15395 + 1537 = 0. What is the tens digit of w?
3
Suppose l + 6342 = 4*s - 14369, 0 = s + 3*l - 5181. What is the units digit of (-6 + 133/21)*s?
6
Let f be (0*(-11)/(-121))/(-2 + 6). Suppose 4*l - 20 = f, 3810 = 5*u - 28*l + 26*l. What is the hundreds digit of u?
7
Let r = 23 - 101. Let f = -74 - r. Suppose -j = -0*j - f. What is the units digit of j?
4
Let y = -52608 + 81583. What is the hundreds digit of y?
9
Let l = 38 - 24. Let h(b) = b - 16. Let c be h(l). What is the tens digit of (101/(-2))/(1/c)?
0
Suppose c + j = 67, -3*c + j = -50 - 171. What is the tens digit of 1/2 + (-3)/(c/(-18516))?
7
Let u(z) = 144*z - 41 - 66 + 34 + 8. What is the units digit of u(4)?
1
Let j = -22388 - -33289. What is the units digit of j?
1
Let w(t) = -845*t**2 - 25*t - 20. Let p(q) = 211*q**2 + 6*q + 5. Let j(s) = 9*p(s) + 2*w(s). What is the units digit of j(-1)?
0
What is the thousands digit of 6941 + -12 + 22 + -10?
6
Suppose 217432 = 9*w + 30250. What is the hundreds digit of w?
7
Suppose -57 + 42 = -5*g. Suppose 0 = -3*p + 3*q + 21, 2*p + 3*p - g*q - 29 = 0. What is the units digit of (-9)/18 - (-610)/p?
2
Let b(h) = 2936*h - 424. What is the units digit of b(4)?
0
Suppose -100 = 12*o - 544. Let l be (-2)/(-4)*(-1 - o). Let f = l + 79. What is the tens digit of f?
6
Let l be 47*((-2)/4 + 1/(-2)). Let u = l - -55. Suppose -t + 54 - u = 0. What is the units digit of t?
6
Suppose 27 + 21 = -6*x. Let f be (-5 - -25)/5 + 2 + x. What is the units digit of 1/((-5)/(1850/f))?
5
Suppose 2747 = w - 5*k, 8*k = -5*w + 6*k + 13708. Suppose -3*x - 3*p + 1428 = 0, -p = 5*x + 346 - w. Suppose -2*f = 2*f - x. What is the hundreds digit of f?
1
Suppose 20 = -5*z, 3*x - 3*z - 38 = 37. Suppose -x*s = -4946 - 2110. What is the units digit of s?
6
Let z be (820/15)/4 - (-2)/6. What is the hundreds digit of (-4)/z + 21/(1029/12460)?
2
Suppose 6*q = 3*q + 3*b - 9, -9 = 3*b. Let t be (33 - 5)/7*q/(-8). Suppose 5*i - t*a - 1418 = -5*a, -4*i + 2*a = -1138. What is the tens digit of i?
8
Let j(a) = a + 1. Let r(y) = 22*y - 56. Let n(i) = 5*j(i) - r(i). What is the hundreds digit of n(-17)?
3
Let g(t) be the second derivative of 0 + 11/6*t**3 - 18*t - 9/2*t**2. What is the units digit of g(3)?
4
Let r be 5 - 45/10 - 760/16. Suppose 2*s + 285 = 5*v, 561 = -4*s + 5*v - 4*v. Let h = r - s. What is the units digit of h?
3
What is the ten thousands digit of ((-294)/(-392))/(6/171672)?
2
Let l(z) = -z**2 - 10*z - 9. Let y be l(-4). Let f be y/(-40) + 29/(-8). What is the units digit of (-2)/f - 2629/(-22)?
0
Suppose -o + 2*o = 2*i, -15 = -5*i. Let u be (-1)/3 - (-164)/o. Suppose -u = -j + 43. What is the units digit of j?
0
Let c be 90/14 - 18/42. Let s(j) = c*j - 34*j**2 - 14 - 32*j**2 + 70*j**2. What is the tens digit of s(4)?
7
What is the units digit of -3986*(-19)/(-114)*-15?
5
What is the thousands digit of 33/(((-186)/(-260))/31)?
1
Let s be 197*(-1)/(-4) - 2/8. Let h = s - 50. What is the hundreds digit of (-9)/(3/h) - -103?
1
Suppose 3*i - 4 = -3*c + 17, 3*i - 5*c + 11 = 0. Suppose -x - i*u = -243, -21*x + 16*x - u + 1215 = 0. What is the tens digit of x?
4
Let v be (-24)/(-6) + -714 + 0. What is the tens digit of -2 + 1 + (1 - (v - -5))?
0
Suppose 8*r - 5*r = -501. Let z = 257 + r. Let m = z + -59. What is the tens digit of m?
3
Suppose -22*j = -21*j + w - 7040, 5*j = 3*w + 35216. What is the hundreds digit of j?
0
Let x be (-5 - 0 - -84)*-1. Let o = x + 163. What is the units digit of o?
4
What is the thousands digit of (6/4)/((-549)/(-6250182))?
7
Let w(p) = 29*p + 14. Let r be w(12). Let y = r - 154. Suppose 0 = m - 4, m + y = 3*b + 74. What is the tens digit of b?
4
Let z(j) = -17 + 25*j - 11 + 18. Let d be z(-4). Let i = d - -214. What is the units digit of i?
4
Suppose 0 = -42*b + 115*b - 2453238. What is the thousands digit of b?
3
Let v = 5601 - 3088. Suppose 10*s - 4577 = v. What is the hundreds digit of s?
7
Suppose -3524 = 14*m + 4. Let x = m - -462. What is the hundreds digit of x?
2
Suppose -4*g - 5*u = -56255, 3*g - 5*g + 4*u + 28160 = 0. What is the hundreds digit of g?
0
Suppose 4*r + 96 = -4*r. Let o be (-20)/15*(-1422)/r. Let a = 273 + o. What is the tens digit of a?
1
Let q be 0/(1 + 0) - 8/(-2). Suppose -x - 20 = -3*t - 5*x, -q*t + x + 33 = 0. Suppose 13 = t*b - 187. What is the units digit of b?
5
Suppose 13*p = -5*p. Suppose p = 2*x - 316 - 506. What is the hundreds digit of x?
4
Suppose 2*g = -h + 5467, 2*h - 4*g - 6835 = 4083. What